{"id":96,"date":"2018-05-19T15:14:28","date_gmt":"2018-05-19T13:14:28","guid":{"rendered":"http:\/\/www.raum-gefluester.de\/?page_id=96"},"modified":"2025-07-01T14:30:15","modified_gmt":"2025-07-01T12:30:15","slug":"datenschutz","status":"publish","type":"page","link":"https:\/\/www.raum-gefluester.de\/?page_id=96","title":{"rendered":"Datenschutz"},"content":{"rendered":"<div class=\"wp-block-image\">\n<figure class=\"aligncenter size-large\"><a href=\"http:\/\/www.raum-gefluester.de\/wp-content\/uploads\/2025\/07\/Datenschutz_0.png\"><img loading=\"lazy\" decoding=\"async\" width=\"1024\" height=\"576\" src=\"http:\/\/www.raum-gefluester.de\/wp-content\/uploads\/2025\/07\/Datenschutz_0-1024x576.png\" alt=\"\" class=\"wp-image-164\" srcset=\"https:\/\/www.raum-gefluester.de\/wp-content\/uploads\/2025\/07\/Datenschutz_0-1024x576.png 1024w, https:\/\/www.raum-gefluester.de\/wp-content\/uploads\/2025\/07\/Datenschutz_0-300x169.png 300w, https:\/\/www.raum-gefluester.de\/wp-content\/uploads\/2025\/07\/Datenschutz_0-768x432.png 768w, https:\/\/www.raum-gefluester.de\/wp-content\/uploads\/2025\/07\/Datenschutz_0.png 1366w\" sizes=\"auto, (max-width: 1024px) 100vw, 1024px\" \/><\/a><\/figure><\/div>\n\n\n<p class=\"has-text-align-left\"><strong>Datenschutz<\/strong><br>\nIch freue mich \u00fcber Ihr Interesse an meiner Internetpr\u00e4senz. Ich nehme den Schutz Ihrer<br>\npers\u00f6nlichen Daten sehr ernst und halte mich strikt an die Regeln der gesetzlichen Vorgaben,<br>\ninsbesondere der Datenschutzgesetze.<br>\nDie folgenden Informationen geben Ihnen einen \u00dcberblick dar\u00fcber, wie ich den Schutz Ihrer<br>\npers\u00f6nlichen Daten gew\u00e4hrleiste und welche Daten zu welchen Zwecken erhoben werden.<br>\nGrunds\u00e4tzlich k\u00f6nnen Sie meinen Webauftritt besuchen, ohne dass ich pers\u00f6nliche Daten<br>\nvon Ihnen ben\u00f6tige. Bei einem Besuch auf meiner Homepage erhebe und speichere ich<br>\nautomatisch in meinen Servern Log Files Informationen, die Ihr Browser an mich \u00fcbermittelt.<\/p>\n\n\n<div class=\"wp-block-image\">\n<figure class=\"alignleft size-full is-resized\"><a href=\"http:\/\/www.raum-gefluester.de\/wp-content\/uploads\/2025\/06\/3-2-.png\"><img loading=\"lazy\" decoding=\"async\" width=\"375\" height=\"445\" src=\"http:\/\/www.raum-gefluester.de\/wp-content\/uploads\/2025\/06\/3-2-.png\" alt=\"\" class=\"wp-image-142\" style=\"width:220px;height:auto\" srcset=\"https:\/\/www.raum-gefluester.de\/wp-content\/uploads\/2025\/06\/3-2-.png 375w, https:\/\/www.raum-gefluester.de\/wp-content\/uploads\/2025\/06\/3-2--253x300.png 253w\" sizes=\"auto, (max-width: 375px) 100vw, 375px\" \/><\/a><\/figure><\/div>\n\n\n<p class=\"has-text-align-left\">Dies sind:<br>\n&#8211; Der Name Ihres Internet-Providers<br>\n&#8211; Die Webseite von der Sie uns besuchen (Referrer URL)<br>\n&#8211; Die technische Version Ihres Browsers<br>\n&#8211; Ihr Betriebssystem<br>\n&#8211; Ihre IP Adresse<br>\n&#8211; Uhrzeit des Seitenbesuchs \/ der Serveranfrage<br>\n&#8211; Die Seiten, die Sie bei mir aufrufen.<\/p>\n\n\n\n<p>Diese Daten sind f\u00fcr mich nicht bestimmten Personen zuzuordnen. Eine Zusammenf\u00fchrung<br>\ndieser Daten mit anderen Datenquellen wird nicht vorgenommen, die Daten werden<br>\nzudem nach einer statistischen Auswertung gel\u00f6scht.<br>\nMir steht die alleinige Herrschaft \u00fcber alle Daten zu, die w\u00e4hrend Ihres Besuches auf meinen<br>\nWebseiten erfasst werden. Diese Informationen werden ausschlie\u00dflich in der hier dargestellten<br>\nWeise verwendet; sie werden nicht an Dritte weitergegeben<br>\nAuskunftsrecht und Kontaktaufnahme hinsichtlich dieser Datenschutzbestimmungen:<br>\nSie haben bez\u00fcglich der Ihre Person betreffenden Daten ein jederzeitiges Auskunftsrecht.<br>\nDieses betrifft die pers\u00f6nlichen Angaben, deren Herkunft und Empf\u00e4nger sowie den Zweck<br>\nder Speicherung.<br>\nIhr Vertrauen ist mir wichtig. Daher m\u00f6chte ich Ihnen jederzeit Rede und Antwort bez\u00fcglich<br>\nder Verarbeitung Ihrer personenbezogenen Daten stehen. Wenn Sie Fragen haben, die Ihnen<br>\ndiese Datenschutzerkl\u00e4rung nicht beantworten konnte oder wenn Sie zu einem Punkt<br>\nvertiefte Informationen w\u00fcnschen, stehe ich Ihnen gern zur Verf\u00fcgung.<\/p>\n\n\n\n<p>Ich gebe Ihnen jederzeit Auskunft \u00fcber Ihre bei uns gespeicherte Email-Adresse oder<br>\nsonstigen Daten. Hierzu wenden Sie sich bitte an die Emailadresse:<br>\n<a href=\"mailto:anke@raum-gefluester.de\">anke[at]raum-gefluester[dot]de<\/a><\/p>\n","protected":false},"excerpt":{"rendered":"<p>Datenschutz Ich freue mich \u00fcber Ihr Interesse an meiner Internetpr\u00e4senz. Ich nehme den Schutz Ihrer pers\u00f6nlichen Daten sehr ernst und halte mich strikt an die Regeln der gesetzlichen Vorgaben, insbesondere der Datenschutzgesetze. Die folgenden Informationen geben Ihnen einen \u00dcberblick dar\u00fcber,&hellip; <\/p>\n","protected":false},"author":1,"featured_media":0,"parent":0,"menu_order":0,"comment_status":"closed","ping_status":"closed","template":"","meta":{"footnotes":""},"class_list":["post-96","page","type-page","status-publish","hentry"],"_links":{"self":[{"href":"https:\/\/www.raum-gefluester.de\/index.php?rest_route=\/wp\/v2\/pages\/96","targetHints":{"allow":["GET"]}}],"collection":[{"href":"https:\/\/www.raum-gefluester.de\/index.php?rest_route=\/wp\/v2\/pages"}],"about":[{"href":"https:\/\/www.raum-gefluester.de\/index.php?rest_route=\/wp\/v2\/types\/page"}],"author":[{"embeddable":true,"href":"https:\/\/www.raum-gefluester.de\/index.php?rest_route=\/wp\/v2\/users\/1"}],"replies":[{"embeddable":true,"href":"https:\/\/www.raum-gefluester.de\/index.php?rest_route=%2Fwp%2Fv2%2Fcomments&post=96"}],"version-history":[{"count":2,"href":"https:\/\/www.raum-gefluester.de\/index.php?rest_route=\/wp\/v2\/pages\/96\/revisions"}],"predecessor-version":[{"id":171,"href":"https:\/\/www.raum-gefluester.de\/index.php?rest_route=\/wp\/v2\/pages\/96\/revisions\/171"}],"wp:attachment":[{"href":"https:\/\/www.raum-gefluester.de\/index.php?rest_route=%2Fwp%2Fv2%2Fmedia&parent=96"}],"curies":[{"name":"wp","href":"https:\/\/api.w.org\/{rel}","templated":true}]}}