{"id":193,"date":"2025-10-19T13:41:55","date_gmt":"2025-10-19T11:41:55","guid":{"rendered":"http:\/\/www.raum-gefluester.de\/?page_id=193"},"modified":"2025-10-19T19:23:40","modified_gmt":"2025-10-19T17:23:40","slug":"reiki","status":"publish","type":"page","link":"https:\/\/www.raum-gefluester.de\/?page_id=193","title":{"rendered":"REIKI"},"content":{"rendered":"\n<div class=\"wp-block-columns is-layout-flex wp-container-core-columns-is-layout-9d6595d7 wp-block-columns-is-layout-flex\">\n<div class=\"wp-block-column is-layout-flow wp-block-column-is-layout-flow\" style=\"flex-basis:100%\"><div class=\"wp-block-image\">\n<figure class=\"alignleft size-large is-resized\"><a href=\"http:\/\/www.raum-gefluester.de\/wp-content\/uploads\/2025\/10\/Reiki_bild.png\"><img loading=\"lazy\" decoding=\"async\" width=\"1024\" height=\"576\" src=\"http:\/\/www.raum-gefluester.de\/wp-content\/uploads\/2025\/10\/Reiki_bild-1024x576.png\" alt=\"\" class=\"wp-image-204\" style=\"width:444px;height:auto\" srcset=\"https:\/\/www.raum-gefluester.de\/wp-content\/uploads\/2025\/10\/Reiki_bild-1024x576.png 1024w, https:\/\/www.raum-gefluester.de\/wp-content\/uploads\/2025\/10\/Reiki_bild-300x169.png 300w, https:\/\/www.raum-gefluester.de\/wp-content\/uploads\/2025\/10\/Reiki_bild-768x432.png 768w, https:\/\/www.raum-gefluester.de\/wp-content\/uploads\/2025\/10\/Reiki_bild-1536x863.png 1536w, https:\/\/www.raum-gefluester.de\/wp-content\/uploads\/2025\/10\/Reiki_bild-2048x1151.png 2048w\" sizes=\"auto, (max-width: 1024px) 100vw, 1024px\" \/><\/a><\/figure><\/div>\n\n\n<p>Reiki ist eine japanische Methode der Energiebarbeit, die durch sanftes Handauflegen universelle Lebensenergie \u00fcbertr\u00e4gt. Ziel ist es, k\u00f6rperliche und seelische Blockaden zu l\u00f6sen, Stress abzubauen und die Selbstheilungskr\u00e4fte zu aktivieren, um ein allgemeines Gleichgewicht zu f\u00f6rdern. <\/p>\n<\/div>\n<\/div>\n\n\n\n<div class=\"wp-block-group is-nowrap is-layout-flex wp-container-core-group-is-layout-ad2f72ca wp-block-group-is-layout-flex\">\n<div class=\"wp-block-columns is-layout-flex wp-container-core-columns-is-layout-9d6595d7 wp-block-columns-is-layout-flex\">\n<div class=\"wp-block-column is-layout-flow wp-block-column-is-layout-flow\" style=\"flex-basis:66.66%\">\n<p><\/p>\n\n\n\n<p>Dabei flie\u00dft die Energie durch den Therapeuten, der als Kanal dient, und wird in den K\u00f6rper des Empfangenden gelenkt, wo sie als W\u00e4rme, Kribbeln oder innere Bilder wahrgenommen werden kann.<\/p>\n<\/div>\n\n\n\n<div class=\"wp-block-column is-layout-flow wp-block-column-is-layout-flow\" style=\"flex-basis:33.33%\">\n<figure class=\"wp-block-image size-full is-resized\"><a href=\"http:\/\/www.raum-gefluester.de\/wp-content\/uploads\/2025\/06\/3-1-.png\"><img loading=\"lazy\" decoding=\"async\" width=\"371\" height=\"449\" src=\"http:\/\/www.raum-gefluester.de\/wp-content\/uploads\/2025\/06\/3-1-.png\" alt=\"\" class=\"wp-image-141\" style=\"width:159px;height:auto\" srcset=\"https:\/\/www.raum-gefluester.de\/wp-content\/uploads\/2025\/06\/3-1-.png 371w, https:\/\/www.raum-gefluester.de\/wp-content\/uploads\/2025\/06\/3-1--248x300.png 248w\" sizes=\"auto, (max-width: 371px) 100vw, 371px\" \/><\/a><\/figure>\n<\/div>\n<\/div>\n<\/div>\n\n\n\n<figure class=\"wp-block-image size-large\"><a href=\"http:\/\/www.raum-gefluester.de\/wp-content\/uploads\/2025\/10\/Reiki_sonne.png\"><img loading=\"lazy\" decoding=\"async\" width=\"1024\" height=\"576\" src=\"http:\/\/www.raum-gefluester.de\/wp-content\/uploads\/2025\/10\/Reiki_sonne-1024x576.png\" alt=\"\" class=\"wp-image-203\" srcset=\"https:\/\/www.raum-gefluester.de\/wp-content\/uploads\/2025\/10\/Reiki_sonne-1024x576.png 1024w, https:\/\/www.raum-gefluester.de\/wp-content\/uploads\/2025\/10\/Reiki_sonne-300x169.png 300w, https:\/\/www.raum-gefluester.de\/wp-content\/uploads\/2025\/10\/Reiki_sonne-768x432.png 768w, https:\/\/www.raum-gefluester.de\/wp-content\/uploads\/2025\/10\/Reiki_sonne-1536x863.png 1536w, https:\/\/www.raum-gefluester.de\/wp-content\/uploads\/2025\/10\/Reiki_sonne-2048x1151.png 2048w\" sizes=\"auto, (max-width: 1024px) 100vw, 1024px\" \/><\/a><\/figure>\n\n\n\n<blockquote class=\"wp-block-quote is-layout-flow wp-block-quote-is-layout-flow\">\n<p>Hinter jeder Wolke steckt ein Sonnenschein.<\/p>\n<\/blockquote>\n","protected":false},"excerpt":{"rendered":"<p>Reiki ist eine japanische Methode der Energiebarbeit, die durch sanftes Handauflegen universelle Lebensenergie \u00fcbertr\u00e4gt. Ziel ist es, k\u00f6rperliche und seelische Blockaden zu l\u00f6sen, Stress abzubauen und die Selbstheilungskr\u00e4fte zu aktivieren, um ein allgemeines Gleichgewicht zu f\u00f6rdern. Dabei flie\u00dft die Energie&hellip; <\/p>\n","protected":false},"author":1,"featured_media":0,"parent":0,"menu_order":0,"comment_status":"closed","ping_status":"closed","template":"","meta":{"footnotes":""},"class_list":["post-193","page","type-page","status-publish","hentry"],"_links":{"self":[{"href":"https:\/\/www.raum-gefluester.de\/index.php?rest_route=\/wp\/v2\/pages\/193","targetHints":{"allow":["GET"]}}],"collection":[{"href":"https:\/\/www.raum-gefluester.de\/index.php?rest_route=\/wp\/v2\/pages"}],"about":[{"href":"https:\/\/www.raum-gefluester.de\/index.php?rest_route=\/wp\/v2\/types\/page"}],"author":[{"embeddable":true,"href":"https:\/\/www.raum-gefluester.de\/index.php?rest_route=\/wp\/v2\/users\/1"}],"replies":[{"embeddable":true,"href":"https:\/\/www.raum-gefluester.de\/index.php?rest_route=%2Fwp%2Fv2%2Fcomments&post=193"}],"version-history":[{"count":20,"href":"https:\/\/www.raum-gefluester.de\/index.php?rest_route=\/wp\/v2\/pages\/193\/revisions"}],"predecessor-version":[{"id":231,"href":"https:\/\/www.raum-gefluester.de\/index.php?rest_route=\/wp\/v2\/pages\/193\/revisions\/231"}],"wp:attachment":[{"href":"https:\/\/www.raum-gefluester.de\/index.php?rest_route=%2Fwp%2Fv2%2Fmedia&parent=193"}],"curies":[{"name":"wp","href":"https:\/\/api.w.org\/{rel}","templated":true}]}}