{"id":15,"date":"2014-09-14T19:04:14","date_gmt":"2014-09-14T17:04:14","guid":{"rendered":"http:\/\/www.raum-gefluester.de\/?page_id=15"},"modified":"2026-08-22T12:08:54","modified_gmt":"2026-08-22T10:08:54","slug":"ich-freue-mich-ueber-ihren-besuch-auf-meiner-homepage","status":"publish","type":"page","link":"https:\/\/www.raum-gefluester.de\/","title":{"rendered":"Raum-Gefl\u00fcster"},"content":{"rendered":"\n<figure class=\"wp-block-image size-large\"><a href=\"http:\/\/www.raum-gefluester.de\/wp-content\/uploads\/2026\/08\/Startseite-3.png\"><img loading=\"lazy\" decoding=\"async\" width=\"1024\" height=\"576\" src=\"http:\/\/www.raum-gefluester.de\/wp-content\/uploads\/2026\/08\/Startseite-3-1024x576.png\" alt=\"\" class=\"wp-image-303\" srcset=\"https:\/\/www.raum-gefluester.de\/wp-content\/uploads\/2026\/08\/Startseite-3-1024x576.png 1024w, https:\/\/www.raum-gefluester.de\/wp-content\/uploads\/2026\/08\/Startseite-3-300x169.png 300w, https:\/\/www.raum-gefluester.de\/wp-content\/uploads\/2026\/08\/Startseite-3-768x432.png 768w, https:\/\/www.raum-gefluester.de\/wp-content\/uploads\/2026\/08\/Startseite-3.png 1366w\" sizes=\"auto, (max-width: 1024px) 100vw, 1024px\" \/><\/a><\/figure>\n\n\n\n<h4 class=\"wp-block-heading has-text-align-center\"><strong>Ein gesch\u00fctzter Raum, in dem Sie ankommen, sortieren<br>und neue Wege entdecken d\u00fcrfen.<\/strong><\/h4>\n\n\n\n<p class=\"wp-block-paragraph\"><\/p>\n\n\n\n<h6 class=\"wp-block-heading\">Raum f\u00fcr das, was Sie bewegt.<\/h6>\n\n\n\n<p class=\"wp-block-paragraph\">Manchmal braucht es einen gesch\u00fctzten Ort, um zur Ruhe zu kommen, Gedanken zu ordnen und neue Perspektiven zu entwickeln. Bei Raum-Gefl\u00fcster begegnen wir dem, was Sie gerade besch\u00e4ftigt, in Ihrem Tempo und mit Aufmerksamkeit.<\/p>\n\n\n\n<p class=\"wp-block-paragraph\">Vielleicht sp\u00fcren Sie: So wie bisher soll es nicht weitergehen. Vielleicht m\u00f6chten Sie innere Unruhe besser verstehen, eine belastende Situation sortieren oder sich wieder mehr mit sich selbst verbunden f\u00fchlen. Hier darf alles erst einmal da sein &#8211; Gedanken, Gef\u00fchle, Fragen und auch das, wof\u00fcr bisher kein Platz war.<br>Ich begleite Sie in Fr\u00e4nkisch-Crumbach im Odenwald mit psychotherapeutischer Begleitung, systemischer Beratung, Cranio-Sacraler-Energiearbeit und Reiki. Gemeinsam schauen wir, was Sie im Moment st\u00e4rkt und welcher n\u00e4chste Schritt f\u00fcr Sie stimmig sein k\u00f6nnte.<\/p>\n\n\n\n<div class=\"wp-block-buttons is-content-justification-center is-layout-flex wp-container-core-buttons-is-layout-fe48e5de wp-block-buttons-is-layout-flex\">\n<div class=\"wp-block-button\"><a class=\"wp-block-button__link wp-element-button\" href=\"https:\/\/www.raum-gefluester.de\/?page_id=41\">Ein Erstgespr\u00e4ch anfragen<\/a><\/div>\n<\/div>\n\n\n\n<p class=\"wp-block-paragraph\"><\/p>\n\n\n\n<h6 class=\"wp-block-heading\">Meine Leistungen<\/h6>\n\n\n\n<p class=\"wp-block-paragraph\">Psychotherapeutische Begleitung &#8211; ein vertraulicher Gespr\u00e4chsraum f\u00fcr pers\u00f6nliche Themen und belastende Lebensphasen.<\/p>\n\n\n\n<p class=\"wp-block-paragraph\"><strong>Systemische Beratung<\/strong> &#8211; Zusammenh\u00e4nge verstehen und neue Handlungsm\u00f6glichkeiten entwickeln.<br><strong>Cranio-Sacrale-Energiearbeit<\/strong> &#8211; achtsame K\u00f6rperarbeit f\u00fcr Ruhe und Wahrnehmung.<br><strong>Reiki<\/strong> &#8211; ein stiller Moment der Aufmerksamkeit und Entspannung<\/p>\n\n\n\n<figure class=\"wp-block-image size-large\"><a href=\"http:\/\/www.raum-gefluester.de\/wp-content\/uploads\/2025\/06\/20250505_162526-scaled.jpg\"><img loading=\"lazy\" decoding=\"async\" width=\"1024\" height=\"768\" src=\"http:\/\/www.raum-gefluester.de\/wp-content\/uploads\/2025\/06\/20250505_162526-1024x768.jpg\" alt=\"\" class=\"wp-image-115\" srcset=\"https:\/\/www.raum-gefluester.de\/wp-content\/uploads\/2025\/06\/20250505_162526-1024x768.jpg 1024w, https:\/\/www.raum-gefluester.de\/wp-content\/uploads\/2025\/06\/20250505_162526-300x225.jpg 300w, https:\/\/www.raum-gefluester.de\/wp-content\/uploads\/2025\/06\/20250505_162526-768x576.jpg 768w, https:\/\/www.raum-gefluester.de\/wp-content\/uploads\/2025\/06\/20250505_162526-1536x1152.jpg 1536w, https:\/\/www.raum-gefluester.de\/wp-content\/uploads\/2025\/06\/20250505_162526-2048x1536.jpg 2048w\" sizes=\"auto, (max-width: 1024px) 100vw, 1024px\" \/><\/a><\/figure>\n","protected":false},"excerpt":{"rendered":"<p>Ein gesch\u00fctzter Raum, in dem Sie ankommen, sortierenund neue Wege entdecken d\u00fcrfen. Raum f\u00fcr das, was Sie bewegt. Manchmal braucht es einen gesch\u00fctzten Ort, um zur Ruhe zu kommen, Gedanken zu ordnen und neue Perspektiven zu entwickeln. Bei Raum-Gefl\u00fcster begegnen&hellip; <\/p>\n","protected":false},"author":1,"featured_media":0,"parent":0,"menu_order":0,"comment_status":"closed","ping_status":"closed","template":"","meta":{"footnotes":""},"class_list":["post-15","page","type-page","status-publish","hentry"],"_links":{"self":[{"href":"https:\/\/www.raum-gefluester.de\/index.php?rest_route=\/wp\/v2\/pages\/15","targetHints":{"allow":["GET"]}}],"collection":[{"href":"https:\/\/www.raum-gefluester.de\/index.php?rest_route=\/wp\/v2\/pages"}],"about":[{"href":"https:\/\/www.raum-gefluester.de\/index.php?rest_route=\/wp\/v2\/types\/page"}],"author":[{"embeddable":true,"href":"https:\/\/www.raum-gefluester.de\/index.php?rest_route=\/wp\/v2\/users\/1"}],"replies":[{"embeddable":true,"href":"https:\/\/www.raum-gefluester.de\/index.php?rest_route=%2Fwp%2Fv2%2Fcomments&post=15"}],"version-history":[{"count":17,"href":"https:\/\/www.raum-gefluester.de\/index.php?rest_route=\/wp\/v2\/pages\/15\/revisions"}],"predecessor-version":[{"id":306,"href":"https:\/\/www.raum-gefluester.de\/index.php?rest_route=\/wp\/v2\/pages\/15\/revisions\/306"}],"wp:attachment":[{"href":"https:\/\/www.raum-gefluester.de\/index.php?rest_route=%2Fwp%2Fv2%2Fmedia&parent=15"}],"curies":[{"name":"wp","href":"https:\/\/api.w.org\/{rel}","templated":true}]}}

Raum-Geflüster

<figure class="wp-block-image size-large"><a href="http://www.raum-gefluester.de/wp-content/uploads/2026/08/Startseite-3.png"><img loading="lazy" decoding="async" width="1024" height="576" src="http://www.raum-gefluester.de/wp-content/uploads/2026/08/Startseite-3-1024x576.png" alt="" class="wp-image-303" srcset="https://www.raum-gefluester.de/wp-content/uploads/2026/08/Startseite-3-1024x576.png 1024w, https://www.raum-gefluester.de/wp-content/uploads/2026/08/Startseite-3-300x169.png 300w, https://www.raum-gefluester.de/wp-content/uploads/2026/08/Startseite-3-768x432.png 768w, https://www.raum-gefluester.de/wp-content/uploads/2026/08/Startseite-3.png 1366w" sizes="auto, (max-width: 1024px) 100vw, 1024px" /></a></figure>



<h4 class="wp-block-heading has-text-align-center"><strong>Ein geschützter Raum, in dem Sie ankommen, sortieren<br>und neue Wege entdecken dürfen.</strong></h4>



<p class="wp-block-paragraph"></p>



<h6 class="wp-block-heading">Raum für das, was Sie bewegt.</h6>



<p class="wp-block-paragraph">Manchmal braucht es einen geschützten Ort, um zur Ruhe zu kommen, Gedanken zu ordnen und neue Perspektiven zu entwickeln. Bei Raum-Geflüster begegnen wir dem, was Sie gerade beschäftigt, in Ihrem Tempo und mit Aufmerksamkeit.</p>



<p class="wp-block-paragraph">Vielleicht spüren Sie: So wie bisher soll es nicht weitergehen. Vielleicht möchten Sie innere Unruhe besser verstehen, eine belastende Situation sortieren oder sich wieder mehr mit sich selbst verbunden fühlen. Hier darf alles erst einmal da sein &#8211; Gedanken, Gefühle, Fragen und auch das, wofür bisher kein Platz war.<br>Ich begleite Sie in Fränkisch-Crumbach im Odenwald mit psychotherapeutischer Begleitung, systemischer Beratung, Cranio-Sacraler-Energiearbeit und Reiki. Gemeinsam schauen wir, was Sie im Moment stärkt und welcher nächste Schritt für Sie stimmig sein könnte.</p>



<div class="wp-block-buttons is-content-justification-center is-layout-flex wp-container-core-buttons-is-layout-fe48e5de wp-block-buttons-is-layout-flex">
<div class="wp-block-button"><a class="wp-block-button__link wp-element-button" href="https://www.raum-gefluester.de/?page_id=41">Ein Erstgespräch anfragen</a></div>
</div>



<p class="wp-block-paragraph"></p>



<h6 class="wp-block-heading">Meine Leistungen</h6>



<p class="wp-block-paragraph">Psychotherapeutische Begleitung &#8211; ein vertraulicher Gesprächsraum für persönliche Themen und belastende Lebensphasen.</p>



<p class="wp-block-paragraph"><strong>Systemische Beratung</strong> &#8211; Zusammenhänge verstehen und neue Handlungsmöglichkeiten entwickeln.<br><strong>Cranio-Sacrale-Energiearbeit</strong> &#8211; achtsame Körperarbeit für Ruhe und Wahrnehmung.<br><strong>Reiki</strong> &#8211; ein stiller Moment der Aufmerksamkeit und Entspannung</p>



<figure class="wp-block-image size-large"><a href="http://www.raum-gefluester.de/wp-content/uploads/2025/06/20250505_162526-scaled.jpg"><img loading="lazy" decoding="async" width="1024" height="768" src="http://www.raum-gefluester.de/wp-content/uploads/2025/06/20250505_162526-1024x768.jpg" alt="" class="wp-image-115" srcset="https://www.raum-gefluester.de/wp-content/uploads/2025/06/20250505_162526-1024x768.jpg 1024w, https://www.raum-gefluester.de/wp-content/uploads/2025/06/20250505_162526-300x225.jpg 300w, https://www.raum-gefluester.de/wp-content/uploads/2025/06/20250505_162526-768x576.jpg 768w, https://www.raum-gefluester.de/wp-content/uploads/2025/06/20250505_162526-1536x1152.jpg 1536w, https://www.raum-gefluester.de/wp-content/uploads/2025/06/20250505_162526-2048x1536.jpg 2048w" sizes="auto, (max-width: 1024px) 100vw, 1024px" /></a></figure>

<p>Ein geschützter Raum, in dem Sie ankommen, sortierenund neue Wege entdecken dürfen. Raum für das, was Sie bewegt. Manchmal braucht es einen geschützten Ort, um zur Ruhe zu kommen, Gedanken zu ordnen und neue Perspektiven zu entwickeln. Bei Raum-Geflüster begegnen&hellip; </p>
